 - (-7 - ((-4 - 0) + 2)).
8
Evaluate -5 + 4 - 2 - 0.
-3
What is 0 + (2 - (0 + 2 + -3))?
3
Calculate (-3 - (5 + -4)) + 4 - 3.
-3
Calculate -2 - (4 - (-2 - (-13 + 7))).
-2
Evaluate -1 - (-3 + -3 + 5).
0
(-10 - -13) + -1 + (0 - -1)
3
What is 0 + -2 - -5 - 5?
-2
(17 - 13 - 13) + 4
-5
Evaluate -12 + 15 + (5 - 3).
5
What is 1 - -1 - (6 - 0 - 1)?
-3
What is the value of (10 - 3) + -10 + -5 - -7?
-1
What is the value of 27 + -33 + (10 - 1)?
3
Evaluate -3 - ((-4 - (6 + -5)) + 1).
1
Evaluate 8 - 1 - (-4 - -16).
-5
Evaluate 4 - (2 - -6) - (0 - 1).
-3
3 - 1 - (-4 - -1)
5
(-8 - 3) + 1 + 2 - -4
-4
What is the value of 59 - 51 - (-1 - -7 - 0)?
2
What is the value of -1 + 4 + 0 + -5 + 4?
2
What is the value of -167 + 164 - (-9 - (0 - 1))?
5
7 + 2 + (-3 - 2)
4
What is 21 + -40 + (0 - -10)?
-9
What is 0 - (2 + -5 + 1)?
2
5 + (-3 - (5 + (2 - 3)))
-2
Evaluate 4 + -8 - -6 - 4.
-2
Calculate -65 + 64 - (0 - 0).
-1
Calculate 5 + (4 - (11 - 5)).
3
What is the value of -6 + (13 - 1) - 7?
-1
Evaluate 2 + 1 + 18 + -18.
3
What is -1 + (7 - 7 - (2 - -2))?
-5
Evaluate -5 + -4 + 4 + 2 + 1.
-2
What is the value of -2 - -5 - 7 - -6?
2
Evaluate 1 + -1 + 2 + 1 + -1.
2
What is the value of (1 - 5) + 4 - 4?
-4
What is the value of -3 + -5 + 4 - -5?
1
What is -10 + 1 + 1 + 1?
-7
What is the value of 3 + (0 - 11 - (-5 - -2))?
-5
-1 + -5 + 2 + -1 + 0
-5
(-19 - (12 + -30)) + (-5 - 0)
-6
Evaluate 8 - -9 - 7 - 7.
3
1 - (-4 + (4 - -13) + -6)
-6
What is 8 + 0 - (162 + -160)?
6
Calculate -3 + (4 - 4) + 4.
1
(11 - 2) + -17 + 3
-5
Calculate (4 - (3 - 2)) + -3.
0
What is the value of (-1 - -5) + 5 + -2 - 5?
2
What is 4 + -1 - (1 - -1)?
1
Calculate -26 + 27 + -5 + -2.
-6
Calculate 9 - (11 + -9) - 1.
6
What is (2 - 1) + -5 + -1?
-5
Calculate 0 - (1 + -1 - (1 + 1)).
2
Evaluate 2 - -1 - (-1 - 0).
4
Calculate -14 + -4 + (18 - 8).
-8
Evaluate 6 - (-8 + 13) - (1 + 1).
-1
Calculate -6 + 3 + (-8 - (-4 - 0)).
-7
Calculate 2 + -1 + (68 - 65).
4
-7 - -1 - (14 + -20)
0
6 + (-3 - (6 - (4 + 0)))
1
Evaluate 2 + (-7 - -4) - (-14 - -10).
3
What is the value of (-7 + 7 - 6) + 1 + -1?
-6
Calculate -6 - -4 - -2 - -6.
6
Calculate (-1 - -1 - 0) + (-4 - 1).
-5
Calculate -3 + 1 + (-4 - (-11 + -3)).
8
Calculate 18 + -19 - (2 + -1).
-2
Calculate -6 + 8 - (2 + -2).
2
What is (-9 - -2) + -13 + 11?
-9
What is (5 - 3) + 0 + -1 + 4?
5
Evaluate -7 + 10 + -4 + 2.
1
What is the value of 1 + 3 + -1 + -6?
-3
What is the value of (12 - (2 + 16)) + (6 - 2)?
-2
Calculate (2 - (-2 - -6)) + 0.
-2
Calculate 10 - 8 - (0 - -3).
-1
Evaluate (1 - -5) + -2 + -3 - -5.
6
Evaluate (-5 - (1 - 3)) + 2.
-1
Calculate (-42 - -42) + (2 - -2) + 3.
7
Calculate (4 + -2 - (0 - -3)) + -1.
-2
Evaluate (-3 - 2) + (-42 - -50).
3
What is the value of (-1 - -7 - (1 - -2)) + -8?
-5
Calculate 7 + -4 - 3 - -3.
3
Calculate (-2 - -3 - -1) + -16 + 16.
2
Evaluate (0 - -6) + (1 - (3 + -1)).
5
What is the value of 7 + -9 + (-2 - -7)?
3
-4 + (15 - 10) + 2
3
What is the value of 5 + -1 + -5 + 1?
0
What is the value of -2 - (4 - 1) - (-6 - -3)?
-2
What is the value of (20 - 17) + (0 - 10)?
-7
What is the value of -9 + 6 - (-2 - -1)?
-2
What is the value of -1 + 1 - (-6 + -1 + 3)?
4
What is -3 - (-1 + (3 - (4 - 0)))?
-1
Calculate 5 + (-6 - 4) + 2.
-3
What is the value of -2 + (-3 - ((-5 - 4) + 1))?
3
What is 4 + -4 + -3 + 2?
-1
Evaluate 12 - (1 - (7 + -6) - -7).
5
0 - (-9 + 12) - -9
6
-6 + 7 - (2 + -4)
3
What is -1 + 3 + (0 - (2 + -3))?
3
Evaluate 7 + -3 - (6 + 0).
-2
What is the value of (35 - 24) + (-6 - 0)?
5
What is the value of 1 - (2 - 1 - (5 + -4))?
1
What is the value of (0 - 2) + 2 + 0?
0
Calculate -2 + -3 + 9 + 1.
5
Evaluate 0 + -1 - (-40 - -35).
4
Evaluate 0 - 2 - (3 + 7 + -7).
-5
Evaluate 82 + -80 + (0 - -6).
8
What is -3 + 1 + (7 - 3) - 2?
0
-12 + 19 + (-3 - 6)
-2
What is (5 - 1) + (-6 - (9 - 15))?
4
1 - -2 - (2 - 2)
3
(6 - 0) + (-29 - -28) + 1
6
What is the value of (7 - (-1 + 2)) + -6?
0
What is the value of -16 + 12 + (6 - (-2 - -4))?
0
36 + -41 - (0 - 8)
3
Calculate -15 + (-8 - (-26 + 8)).
-5
Evaluate 1 + -5 - (14 + -8 + -1).
-9
What is the value of 21 + -26 - (4 - (-4 + 7))?
-6
Evaluate 4 + (-2 - (-8 + 15)).
-5
(14 - 7) + 4 - 13
-2
(7 - 3) + (-5 - -1)
0
What is the value of (-5 - -8) + -2 - (-10 - -4)?
7
Calculate 4 + -4 - (-6 - -5 - -1).
0
Calculate (-6 + 13 - 13) + 2.
-4
Calculate 3 + (13 - (16 - 8)).
8
What is -4 + (2 + -2 - (0 + -6))?
2
What is 0 + 4 - (2 + -2 - -6)?
-2
0 - (-1 + 14) - -12
-1
What is 2 - (-3 - (2 + -2))?
5
What is 1 + (5 - 10) + (1 - -1)?
-2
Evaluate (5 - 3) + -2 + 0.
0
Calculate (1 - (1 - 2)) + (4 - 6).
0
Calculate (-5 - (8 - 6)) + 3.
-4
Calculate (1 - -5) + (-70 - -62).
-2
(0 - 4 - -5) + 2
3
Evaluate (-1 + -2 - -12) + -4.
5
Calculate 224 + -228 - (-3 - 1).
0
Calculate 1 - (-2 - -4 - (-4 + 1)).
-4
Calculate (-2 - 5) + 3 + (3 - -5).
4
What is 10 + -1 + -3 + 3?
9
What is 9 - (-10 + 11 - -6)?
2
2 - 8 - (21 + -28)
1
Calculate 6 - (7 + -12 + 5).
6
41 - 45 - (-13 + (-1 - -2))
8
Evaluate 0 + (1 + -4 - 0).
-3
Evaluate -4 + 3 + 2 - (-5 + 6).
0
What is -9 + (0 + 3 - 0) - -2?
-4
What is the value of 2 + 1 + 1 + 2?
6
What is -4 + -2 + (0 - -1) + 2?
-3
Evaluate 27 + -25 + (2 - 8).
-4
What is the value of 7 + 2 - (-9 - -7 - -5)?
6
Evaluate 13 - 8 - (1 + 8).
-4
What is the value of -3 + -5 + (6 - (7 - 5))?
-4
4 + (6 - 2) - 3
5
What is the value of -4 - (-2 + 1 - (-4 + 5))?
-2
Calculate 6 - (2 + -3 + 9).
-2
Calculate 0 - (4 + -2) - 0.
-2
Calculate -1 + 1 + (2 - (-3 - -7)).
-2
What is the value of (-1 - -1) + -1 - -4?
3
What is -15 - (-1 + 1 + -10)?
-5
Calculate -5 + (2 - 6) + 3 + 2.
-4
What is -4 + (-1 - -5) + (-3 - 2)?
-5
-1 + -3 + 2 + 4
2
What is the value of 6 + -1 + (3 + -2 - 8)?
-2
3 + (7 + -8 - (-4 + 0))
6
What is (-3 - (-4 + 3)) + 2 - 0?
0
What is 5 + -7 - (-1 - 2) - 2?
-1
What is the value of 12 + (-3 - ((3 - 5) + 5))?
6
Calculate -3 + (-3 - 2 - -3).
-5
Calculate (12 - 9) + (0 + 1 - -1).
5
What is -6 + (-5 - -7) - -1?
-3
Evaluate 4 - 3 - (0 + -5) - 0.
6
Calculate 6 + -3 + -6 + -1 + 5.
1
Evaluate 0 + 2 - (-7 + -4 + 17).
-4
(7 - 9) + (1 - 1 - 1)
-3
Calculate (3 - (2 - -11 - -3)) + 6.
-7
What is the value of 2 + (3 - (3 - -2))?
0
0 + (0 - (4 + -7))
3
What is the value of -1 - (-1 + (-8 - -10))?
-2
Calculate 6 - (5 - 3 - 0).
4
What is -1 + 4 + (3 + -7 - -5)?
4
Evaluate -7 + 10 - (3 - 3).
3
What is the value of -4 - -16 - (5 - (-6 - -8))?
9
What is (-3 + -3 - -13) + -7 + -7?
-7
Calculate (3 - 1) + (-3 - -1).
0
Evaluate 3 + -6 + 3 + -4.
-4
Evaluate (-3 - 0) + 7 + -2 + 3.
5
(-2 + 1 - -1) + -2 - -3
1
What is the value of -32 - -23 - (0 - 3) - -1?
-5
14 + -8 + 0 - 0
6
-5 + 2 + 10 - 2
5
Calculate -1 + 0 + (-2 - -3).
0
What is the value of 3 + 0 + -7 + 2?
-2
Evaluate 4 + 0 + (6 - 5).
5
-5 - -5 - (-2 + 1)
1
Evaluate 1 + (-1 - (-2 + 4)).
-2
Evaluate -1 - -5 - (-14 - -15).
3
(-1 - -2) + 1 + -5 + 0
-3
Evaluate 7 - (1 - -3 - 0) - -2.
5
What is the value of (8 - 4) + (-4 - (5 - 6))?
1
Evaluate -1 - (1 - 0 - -1).
-3
What is 14 + -18 + 12 + -9?
-1
Calculate (7 - (3 - -12)) + 3.
-5
What is 6 + (-3 - (-7 - -4 - -5))?
1
Evaluate 1 - (-3 + 6 - (-2 + -1)).
-5
Evaluate -3 - (-2 + 5) - (-6 + 3).
-3
Evaluate 6 - (-1 - (-10 - -3)).
0
Calculate 0 + 0 - -3 - 4.
-1
What is the value of 5 + -10 + 2 + -2 + 7?
2
What is (3 - -2) + (2 + -10 - -8)?
5
Calculate -1 - 1 - (64 + -69).
3
What is the value of -6 - (-6 - (-2 - (8 - 6)))?
-4
What is the value of -5 + -2 + (-9 - -17)?
1
What is the value of 3 + (-2 - 3) - (4 - 3)?
-3
What is (-5 - 0) + (6 - 1)?
0
Calculate 4 - (-7 - -13) - -2.
0
Evaluate -1 + (-2 + 0 + 6 - 4).
-1
(5 - 12) + 4 + -1
-4
What is the value of 7 + 0 + -14 - -8?
1
Evaluate (-3 - -4 - -2) + 1 + -4.
0
Evaluate 5 + (-1 - 6) - -3.
1
What is the value of -2 + 2 + 4 + (-5 - -3)?
2
3 + -9 + (11 + -4 - 4)
-3
Calculate 4 + (-5 - (2 + -6) - 11).
-8
Evaluate 4 + (-10 - (-1 - 5)).
0
Evaluate 4 + 0 + -5 - (-1 + -2).
2
Calculate -10 + (27 - 7) + -7.
3
Calculate -4 + -1 - (-9 + 8).
-4
What is the value of (-1 + -1 - 1) + (-4 - -10)?
3
2 + (7 - (8 + -3))
4
What is the value of (13 - -8 - 27) + 6 + -1?
-1
Evaluate 6 - (14 - 1) - (-3 + -13).
9
Calculate -2 + (1 + -1 - -6) - 4.
0
What is the value of 0 - ((-1 - 1) + 4 + -4)?
2
What is 0 - (-2 + 3 + -1)?
0
-1 + 0 + (7 - 3)
3
Calculate 43 + -45 + 0 + 7 - 8.
-3
Evaluate 1 - (-15 + 14 + (1 - 4)).
5
What is (-2 + (3 - 2) - -3